**2 + 45*c - 297. Calculate h(-51).
9
Let y(g) = -18*g + 321. Determine y(14).
69
Let x(a) = -a**2 + 29*a + 1753. Determine x(-28).
157
Let x(y) = 3*y**2 - 189*y - 1012. Give x(68).
8
Let f(b) = -9*b**2 - 1917*b + 1929. What is f(-214)?
3
Let t(b) = 8*b**2 - 44*b + 79. Determine t(2).
23
Let u(t) = 214*t - 5861. Give u(27).
-83
Let w(v) = -v**2 + 153*v - 1013. What is w(7)?
9
Let w(c) = -4*c**2 - 22*c + 17. What is w(-7)?
-25
Let h(j) = 69*j + 683. Give h(-10).
-7
Let z(v) = v**3 - 26*v**2 + 5*v + 3. What is z(26)?
133
Let w(u) = 47*u + 72. Give w(-1).
25
Let j(c) = -2*c**3 - 99*c**2 - 95*c + 3. Give j(-1).
1
Let g(b) = -16*b**2 + 27*b - 28. Determine g(1).
-17
Let x(i) = -255*i - 45131. Calculate x(-177).
4
Let b(s) = s**2 + 5*s + 7. Determine b(-8).
31
Let o(h) = -2*h**3 - 29*h**2 + 92*h + 129. Determine o(-17).
10
Let g(n) = -3*n**3 + 24*n**2 + 86*n + 15. Determine g(-4).
247
Let v(h) = -2*h**2 - 53*h + 797. Give v(12).
-127
Let b(n) = -75*n**2 - 125*n + 2. Calculate b(-2).
-48
Let y(s) = s**3 + 50*s**2 + 96*s - 20. Determine y(-48).
-20
Let m(r) = -26*r**3 + r**2 + 15*r + 14. Give m(-1).
26
Let z(w) = -w**3 + 25*w**2 + 295*w + 649. Give z(-6).
-5
Let t(x) = -2*x**3 - 20*x**2 + 47*x + 74. Calculate t(-10).
-396
Let b(u) = u**3 - 18*u**2 + 24*u + 1. Calculate b(17).
120
Let n(d) = -d**3 + 3*d**2 - d - 33. What is n(0)?
-33
Let d(r) = -r**3 - 14*r**2 - 42*r + 9. Calculate d(-8).
-39
Let v(y) = 8*y**2 + 840*y - 75. Give v(-105).
-75
Let m(h) = h**3 - 6*h**2 + 4*h - 2. Give m(2).
-10
Let k(b) = 580*b**3 + 3*b**2 + 5*b + 1. Determine k(-1).
-581
Let t(w) = -w**3 + 13*w + 149. What is t(6)?
11
Let i(s) = -95*s + 44. What is i(3)?
-241
Let v(z) = -49*z - 5985. Determine v(-122).
-7
Let j(r) = 4*r**2 - 60*r + 160. Calculate j(3).
16
Let f(k) = k**2 + 34*k + 3. Determine f(-38).
155
Let a(b) = 132*b + 133. What is a(0)?
133
Let m(v) = -v**3 + 13*v**2 - 14*v - 15. Determine m(11).
73
Let v(b) = 2*b**3 + 36*b**2 + 19*b + 344. Calculate v(-18).
2
Let j(c) = 61*c + 1159. Determine j(-19).
0
Let y(d) = -82*d**3 + 737*d**2 + 5*d + 47. Determine y(9).
11
Let i(n) = 384*n + 7. Give i(-1).
-377
Let f(k) = -k**2 - 62*k + 390. Determine f(-65).
195
Let f(r) = r**2 - 37*r + 260. Give f(27).
-10
Let g(y) = 2*y**3 - 45*y**2 + 28*y - 140. Calculate g(22).
-8
Let i(n) = -25*n**2 + 132*n + 5. What is i(5)?
40
Let f(c) = -4*c - 45. Calculate f(-12).
3
Let d(r) = 41*r**2 - 51*r + 104. What is d(2)?
166
Let c(u) = -24*u - 892. Give c(-35).
-52
Let l(i) = -2*i**2 - 4*i + 25. Calculate l(3).
-5
Let j(s) = 43*s**2 + 1459*s - 83. Calculate j(-34).
19
Let r(a) = -7*a - 139. Determine r(-32).
85
Let d(x) = -2*x**3 + 14*x**2 - 17*x + 66. Calculate d(7).
-53
Let f(i) = 4*i**3 + 34*i**2 - 25*i - 98. Determine f(-9).
-35
Let p(s) = 1525*s + 1515. Calculate p(-1).
-10
Let x(k) = k**3 + 8*k**2 + 14*k + 20. Determine x(-7).
-29
Let b(x) = -3*x**2 + 82*x + 130. Calculate b(29).
-15
Let l(j) = -1214*j + 17086. Determine l(14).
90
Let j(p) = -556*p**2 + 32249*p - 53. Determine j(58).
5
Let w(t) = -39*t - 2974. Calculate w(-75).
-49
Let l(g) = 71*g + 117. What is l(-1)?
46
Let c(b) = b**2 + 45*b - 26. What is c(-45)?
-26
Let z(x) = x**3 - 16*x**2 + 131*x - 460. Give z(7).
16
Let a(c) = -20*c**2 + 238*c + 21. Determine a(12).
-3
Let t(y) = -y**3 + 6*y**2 + 42*y - 193. What is t(8)?
15
Let r(f) = -5*f**3 - 58*f**2 + 291*f + 3211. Determine r(-12).
7
Let k(g) = 2*g**2 - 31*g + 35. Give k(22).
321
Let v(b) = -69*b**3 + 24*b**2 + b + 4. Give v(2).
-450
Let u(p) = -p**2 - 105*p - 2309. Determine u(-31).
-15
Let q(w) = 26*w + 822. What is q(-37)?
-140
Let l(a) = -a**3 + 15*a**2 + 22*a - 307. Calculate l(15).
23
Let c(f) = f**2 + 15*f - 162. What is c(9)?
54
Let t(b) = 84*b - 12. Give t(-3).
-264
Let z(k) = 2*k - 138. Calculate z(9).
-120
Let h(r) = 22*r**2 + 86*r + 19. Calculate h(-4).
27
Let l(u) = -u**3 + 129*u**2 - 375*u - 376. What is l(126)?
2
Let b(g) = -4*g**3 + 3*g**2 + 8*g - 49. Give b(4).
-225
Let w(b) = -b**2 + 339*b - 7560. Give w(24).
0
Let f(t) = 22*t - 13. Calculate f(-2).
-57
Let u(l) = -l**2 + 97*l - 16. What is u(99)?
-214
Let j(q) = 2*q**3 + 155*q**2 + 68*q - 682. Calculate j(-77).
11
Let a(j) = -206*j + 961. Calculate a(6).
-275
Let f(u) = 21*u**3 - 209*u**2 - 4*u - 72. Calculate f(10).
-12
Let k(x) = -25138*x + 175974. What is k(7)?
8
Let r(k) = k**3 - 78*k**2 - 158*k - 165. Give r(80).
-5
Let t(l) = 7*l + 179. Give t(-6).
137
Let i(v) = -v**3 + 23*v**2 - 5*v - 181. What is i(22)?
193
Let a(n) = 1200*n + 9585. Calculate a(-8).
-15
Let o(r) = 2*r**3 + 96*r**2 + 1123*r + 38. Calculate o(-20).
-22
Let n(i) = i**2 + 48*i + 567. What is n(-13)?
112
Let x(h) = -h**2 + 222*h - 8723. What is x(51)?
-2
Let r(i) = 33*i + 529. Give r(-10).
199
Let d(u) = -u**2 + 460*u + 8597. Calculate d(-18).
-7
Let z(d) = -d**2 - 42*d - 436. Determine z(-18).
-4
Let s(f) = 2*f**3 - 15*f**2 + 973*f - 6764. Give s(7).
-2
Let t(w) = 5*w**2 + 7*w + 13. Determine t(-2).
19
Let x(o) = 63*o - 53. What is x(1)?
10
Let m(w) = w**2 + 110*w - 1066. Calculate m(8).
-122
Let u(q) = -q**2 + 505*q + 2546. Determine u(-5).
-4
Let t(l) = -8*l**3 + 40*l**2 + 6*l + 4. What is t(5)?
34
Let o(t) = -t**2 + 227*t + 1129. Give o(-5).
-31
Let v(t) = -78*t**2 + 10*t - 5. Give v(1).
-73
Let p(m) = -m**2 - 9*m + 57. Calculate p(-10).
47
Let g(z) = -2*z**3 + 381*z**2 - 382*z + 2. Determine g(1).
-1
Let i(d) = -d**2 - 266*d - 1688. Determine i(-7).
125
Let h(u) = 2*u**2 + 106*u - 69. Determine h(-54).
39
Let l(m) = 3*m**2 + 5*m + 370. What is l(0)?
370
Let z(f) = -423*f - 131. Calculate z(-1).
292
Let s(g) = -g**3 + 9*g**2 - 10*g + 3. Calculate s(8).
-13
Let k(l) = l**3 + 4*l**2 + 34*l + 139. Determine k(-4).
3
Let o(r) = 78*r - 920. Determine o(12).
16
Let x(b) = 24*b + 487. Calculate x(-9).
271
Let z(u) = u**2 - 1661*u + 19779. Determine z(12).
-9
Let i(x) = x**3 + 10*x**2 + 62*x + 181. What is i(-6)?
-47
Let k(x) = 2*x**3 - 54*x**2 + 3*x - 112. Calculate k(27).
-31
Let l(z) = z**3 + 21*z**2 - 107*z - 171. Determine l(-25).
4
Let h(s) = s**3 - 4*s**2 - 34*s + 125. Determine h(5).
-20
Let u(x) = -x**2 + 8*x + 16. Give u(10).
-4
Let u(j) = -150*j - 751. Give u(-5).
-1
Let v(p) = -3*p**2 - 21*p + 186. Calculate v(-12).
6
Let v(y) = -y**3 + 6*y**2 + 89*y - 201. Determine v(12).
3
Let r(s) = -12*s - 106. Calculate r(3).
-142
Let b(n) = -2*n**3 + 86*n**2 - 89*n + 226. Calculate b(42).
16
Let p(s) = -1121*s - 21300. Determine p(-19).
-1
Let l(d) = 2*d**2 - 52*d + 256. Calculate l(30).
496
Let x(l) = -219*l + 7389. Calculate x(34).
-57
Let u(h) = -28*h + 410. Give u(14).
18
Let k(b) = 14*b**2 + 64*b - 5. What is k(-4)?
-37
Let r(v) = -v**3 + 6*v**2 + 22*v - 22. Calculate r(11).
-385
Let q(d) = -8*d**2 + 3*d + 18. What is q(6)?
-252
Let h(u) = -5*u**2 + 29*u - 12. What is h(7)?
-54
Let k(g) = 153*g - 1367. What is k(9)?
10
Let v(l) = 18*l - 88. Determine v(0).
-88
Let b(y) = -3*y**2 - 93*y + 95. Determine b(-33).
-103
Let z(y) = 10*y**2 + 14*y - 155. Give z(-5).
25
Let h(c) = 1185*c + 15404. Determine h(-13).
-1
Let d(c) = -361*c**2 + 4*c + 5. Calculate d(-1).
-360
Let s(n) = 5*n - 118. What is s(34)?
52
Let a(x) = 176*x - 1217. Determine a(7).
15
Let z(u) = 1871*u + 13104. Determine z(-7).
7
Let l(q) = 37*q - 1574. Give l(53).
387
Let n(p) = 60*p + 707. Give n(-13).
-73
Let x(j) = -27*j + 1381. Give x(51).
4
Let d(x) = -4*x**2 + 133*x - 38. Calculate d(33).
-5
Let i(d) = -211*d - 5447. Determine i(-25).
-172
Let v(i) = 704*i - 66893. Calculate v(95).
-13
Let h(b) = -3*b**2 - 22*b + 121. Determine h(-12).
-47
Let s(i) = -4*i**3 - 36*i**2 - 104*i - 2. What is s(-3)?
94
Let r(p) = 10*p + 11. Calculate r(-9).
-79
Let f(m) = -17*m + 149. Give f(7).
30
Let l(k) = 5981*k + 11958. Calculate l(-2).
-4
Let s(j) = j**3 - 21*j**2 - 1371*j - 43. Calculate s(49).
6
Let m(l) = -235*l**2 + 17858*l + 148. Determine m(76).
-4
Let u(w) = w**3 + 6*w**2 + 7*w - 28. What is u(2)?
18
Let v(m) = m**2 - 149*m - 786. Give v(-5).
-16
Let o(f) = 2*f**3 - 20*f**2 + 28*f - 17. Calculate o(8).
-49
Let v(k) = -29*k - 203. What is v(-5)?
-58
Let p(m) = -46*m + 618. Give p(12).
66
Let i(h) = 26*h + 31. What is i(-7)?
-151
Let y(s) = -3816*s + 19047. What is y(5)?
-33
Let a(d) = 9*d**2 - 177*d + 320. Calculate a(2).
2
Let o(m) = m**3 + 10*m**2 + 26*m - 2. Calcul